 = 25 + -20. Suppose p*o + 457 = w. Is o a prime number?
False
Suppose 11*a = 7*a + 8. Suppose -p + 4*m = -857, 2*p - a*m - m - 1739 = 0. Is p a composite number?
False
Let j be (0 + -2)/(2/(-4)). Suppose -2*w - 5*p + 615 + 8 = 0, 0 = j*w + p - 1273. Suppose 125 = 4*y - w. Is y prime?
False
Suppose -2*u = 78 - 190. Let x be (42/u)/((-6)/(-16)). Let v(c) = 3*c**2 - 2. Is v(x) composite?
True
Let m = 5733 - -15438. Is m composite?
True
Suppose 0 = -7*c - 5*d + 237639, 0 = 3*c - 2*c + 5*d - 33957. Is c prime?
False
Suppose 0 = 7*r - 64 - 13243. Is r composite?
False
Is 483 - (-9 + 9) - -10 composite?
True
Let u(v) = -13*v - 127. Is u(-17) a composite number?
True
Suppose 76 - 344 = -4*o. Suppose -71*k = -o*k - 316. Is k a composite number?
False
Let x = 6794 - -815. Is x prime?
False
Let f = -70 - -64. Is (-4)/f + (-10)/6 - -332 composite?
False
Let s(j) = 3*j**2 + 3*j - 5. Let z(v) be the second derivative of -v**5/20 + 4*v**4/3 + v**3/6 - 10*v**2 + 2*v. Let f be z(16). Is s(f) composite?
False
Suppose 56*h = 64*h - 48936. Is h composite?
True
Let o(f) = f**3 + 5*f**2 + 3*f + 1. Let b be o(-4). Let r = -393 - -629. Suppose -r = -9*u + b*u. Is u a composite number?
False
Let i(m) = 17 + 26*m**3 + 15*m - 9*m**3 - 16*m**3 - 12*m**2. Is i(13) composite?
True
Suppose n - 11992 = -7*n. Is n a prime number?
True
Suppose -18*t + 29202 = -12*t. Is t a prime number?
False
Is -264884*(16/(-4))/16 a composite number?
False
Is 4/(-34) + 9101565/459 a prime number?
False
Let l = 107 + 1377. Is 9/(-3) + l + -4 a composite number?
True
Let x(f) = 238*f**2 - f - 2. Let c be x(4). Suppose -4*w + 7954 = -c. Is w a composite number?
False
Let d(m) = m**2 - m. Let g(x) = x**3 + 4*x**2 - 2*x - 853. Let t(z) = 4*d(z) - g(z). Is t(0) a composite number?
False
Suppose 171*x = 183*x - 72612. Is x a prime number?
False
Let c = -561 - -19742. Is c a prime number?
True
Let a(o) = 68*o**2 + 5*o + 9. Let v be a(-4). Suppose 34*b + v = 37*b. Is b a composite number?
False
Let u(t) = t**2 + 67. Let i be 20/70 + (-2)/7 + 0. Is u(i) a prime number?
True
Let q = 9 + 77. Let p = 267 - q. Is p a composite number?
False
Is (-9)/(63/35)*(-41222)/5 a composite number?
True
Let l(g) = -5571*g + 310. Is l(-3) composite?
True
Let q = 6079 - 1322. Is q a composite number?
True
Let i(p) = -2*p**2 - 35*p + 22. Let w be i(-18). Suppose 7592 = 2*x + 2*g, 3*x - 7562 = x + w*g. Is x composite?
True
Suppose -68 = -n - 3*z + 110, 0 = -n - 5*z + 182. Let u = -43 + n. Is u composite?
True
Let b(k) = 65*k. Let q = 7 - 3. Let f be b(q). Let y = f - 114. Is y prime?
False
Let p = -6 - -8. Is (-146)/(-4) + (-3)/p a prime number?
False
Suppose -4*o + 15 = -3*j, 0*o = 5*o + 4*j + 20. Suppose s - z - 996 = o, s - 964 = 3*z + 42. Is s a prime number?
True
Let q be -3 + 12 + -3 + 5. Let k(d) = -d**3 + 13*d**2 + 12*d - 1. Is k(q) prime?
True
Let q = 880 - 624. Let i = q + -5. Is i composite?
False
Let q(t) = -266*t - 44. Let k(h) = 268*h + 43. Let p(d) = 3*k(d) + 4*q(d). Is p(-17) composite?
False
Let k = 600 - 333. Let z = 470 + k. Is z composite?
True
Let b be -4 + 6 + 1 + 7. Suppose 0 = -3*y + m + 311, -5*y + b*y = -m + 505. Let f = y + -5. Is f a composite number?
False
Let n(s) = -s**3 + 5*s**2 - 41*s - 16. Is n(-17) a prime number?
True
Suppose 0*k + 12 = -4*i - 4*k, -2*k - 8 = i. Is 2176/2 + (-2)/i a prime number?
True
Suppose 24507 + 605978 = 5*j. Is j composite?
False
Let b = 384 + -1124. Let p be (-4)/10 + b/25. Is (52/(-6))/(4/p) a composite number?
True
Let g(l) = l**2 + 18*l + 2. Let v be g(-18). Suppose -v*d + 5205 = 3*o, 0 = -0*o + 5*o + 5*d - 8675. Is o composite?
True
Suppose 4*b + b - 1785 = 5*l, 4*l = 12. Suppose -k = -234 - b. Suppose 1 = -2*x - 3, 4*g = -x + k. Is g prime?
True
Let v = 29 - 19. Is v/(-15) - (-3347)/3 a composite number?
True
Suppose 3*n - 2*n - 3*j = -24, n + 8 = -j. Let a be ((-64)/(-12))/((-2)/n). Let m = 53 - a. Is m composite?
True
Suppose 23 = 5*a + n - 0*n, -4*a - n + 19 = 0. Suppose 8*d - 8897 = 3*d + 4*y, 0 = a*d - 4*y - 7120. Is d prime?
True
Let w be -1 - (1 + -27)*22. Suppose 0 = -22*h + 23*h - w. Is h prime?
True
Suppose -2*r + 3267 = w - 4944, 5*w + 12284 = 3*r. Suppose -12*c + r = -c. Is c a prime number?
True
Let l = 797 - -2796. Is l prime?
True
Let o = 11 + -13. Let p(w) = 315*w**2 + 5*w + 5. Is p(o) composite?
True
Let m = 5163 - 3520. Let r = m - 955. Let v = r - 451. Is v composite?
True
Suppose -2*p - 52 = -2*j - 5*p, p = 3*j - 67. Suppose -3*z + 4*c = -j, 5*c + 2 + 28 = 4*z. Suppose -1015 = z*m - 10*m. Is m prime?
False
Let t = 14 - 10. Suppose 2*j + t*m - 144 = 0, 5*j - 204 = 2*j - 3*m. Let u = 135 - j. Is u prime?
True
Let s(i) = i - 2 - 26*i**3 + 158*i**3 + 2*i**2 - 25*i**3 + 4*i**3 - i**2. Suppose -5 + 1 = -4*g. Is s(g) composite?
True
Suppose 5*n - 5*o + 60 = 0, 5*o + 11 + 17 = -3*n. Let f(u) = 16*u**2 + u - 30. Is f(n) a prime number?
False
Let p be 4 + -2 + 50980 - (6 - 8). Is (-9)/(-24) - p/(-64) a composite number?
False
Is (-3342975)/(-135) - 2/(-9) prime?
True
Let h(g) be the third derivative of g**4/24 - g**3/6 + 3*g**2. Let q be h(1). Suppose q*t - t = -79. Is t a composite number?
False
Suppose 5*f = 2*x + f + 12, 4 = -4*x + 4*f. Suppose 0 = -x*z + z + 33. Is z prime?
True
Is 12/(-4)*113008/(-48) a prime number?
False
Is 1181912/36 + 11/99 a composite number?
False
Suppose 0 = 8*n - 19*n + 35233. Is n prime?
True
Let o(k) be the third derivative of -16*k**4/3 + 13*k**3/6 + 11*k**2. Is o(-2) a composite number?
False
Let m(f) be the first derivative of 2*f**3 + 9*f**2 - 65*f - 13. Is m(-21) prime?
True
Let x(c) = -249*c + 33. Let k(g) = -125*g + 17. Let v(p) = 13*k(p) - 6*x(p). Is v(-6) prime?
True
Let x(r) = -r**2 + 6*r. Let b be x(6). Suppose 3*q - 27 + 9 = b. Let n(m) = 12*m + 5. Is n(q) a prime number?
False
Let r(m) = -m - 2. Let z be r(-2). Let n(p) = 48 + 258 + 250 - p**2 - 87. Is n(z) a prime number?
False
Let n(r) = -131*r + 2. Let m(w) = w**2 + w. Let v be m(2). Suppose 0 = y, -3*d - 27 + v = -3*y. Is n(d) a composite number?
False
Let k be (-1)/3 - 14/(-6). Suppose 4*o - 955 = -3*c, -2*o - k*o - 1264 = -4*c. Is c a composite number?
False
Let r(k) = -k**3 + 6*k**2 + 2*k - 13. Let b be r(6). Let d be 5516/21 + b/(-3). Let v = -136 + d. Is v a prime number?
True
Let r = 144 - 36. Let a = 105 + -148. Let j = a + r. Is j prime?
False
Let v(w) = 71*w + 0 + 7 + 0 - 22*w. Is v(6) composite?
True
Is ((0/(-2))/(-2))/(-1) + 797 prime?
True
Suppose -4*a + 5*m = -21539, 5*a - 3408 - 23485 = -4*m. Is a prime?
True
Suppose -4*w = 13*b - 14*b + 10439, -w = 4*b - 41807. Is b prime?
False
Let o = -467 + 658. Is o composite?
False
Suppose 0*f = -2*x + 3*f + 7588, 2*x - f = 7592. Is x prime?
True
Let u(p) = 640*p + 47. Is u(9) composite?
False
Let l(r) = 314*r**2 - 5*r - 10. Let q be l(5). Suppose -q = -5*a + 2*a. Is a a composite number?
True
Let m = -2 + 5. Suppose 5*k = 5*n + 3*k - 637, 0 = 3*n - m*k - 384. Is n a composite number?
False
Suppose -3*n = -6*n - 4*s + 20, 5*s = 10. Suppose 4*o + 4*d - 10 = 2*d, -5*d + 7 = n*o. Suppose -o*f = 2*f - 725. Is f composite?
True
Let r be (-54)/(-15) + 3/(-5). Let u(g) = -g**2 + 4*g - 1. Let p be u(r). Suppose -4*n + 1320 = 4*h, -3*h + p*h + 1654 = 5*n. Is n prime?
True
Let s(m) = -m**2 - 21*m + 6. Let h be s(-15). Suppose i - 115 = h. Is i a prime number?
True
Is 9/((-54)/(-127218)) + 8 a prime number?
True
Suppose 3*g = -5*b + 614990, -181*b - 3*g + 368988 = -178*b. Is b a prime number?
True
Let k(p) = 4 - 3257*p + 0 + 3. Is k(-2) a prime number?
True
Suppose -18*r = -13*r - 2*j, -4*r - 5*j = -33. Let q(v) be the first derivative of 7*v**3/3 - 5*v + 1. Is q(r) prime?
True
Let c(u) be the second derivative of -251*u**3/6 + u**2/2 + 4*u. Suppose 4*l = 3*k - 17, 5*l = 4*k + 6 - 28. Is c(l) a composite number?
False
Suppose -n - 3*r + 62 = 0, -5*n + 326 = -0*r - r. Let g = 372 - -81. Suppose 4*d = g - n. Is d a prime number?
True
Let c = 506 + -102. Let x = c - 150. Is x composite?
True
Let h be (-1 - -3)*-61*(-15)/10. Let l = h - 106. Is l composite?
True
Suppose -2*l = -10, h - l + 2559 = 3*h. Is h prime?
True
Let o be 132/30*(-5)/(-2). Let v = -19 + o. Is ((-4)/v)/((-2)/(-40)) a prime number?
False
Is (-101161)/(-11) + (-96)/(-176) a composite number?
True
Let z be 0/((-20)/(12/3)). Suppose z = -